{"id":208388,"date":"2016-10-11T16:34:06","date_gmt":"2016-10-11T20:34:06","guid":{"rendered":"https:\/\/www2.episcopalchurch.org\/lectionary\/cyril-and-methodius\/"},"modified":"2025-03-26T11:37:48","modified_gmt":"2025-03-26T15:37:48","slug":"cirilo-y-metodio","status":"publish","type":"lectionary","link":"https:\/\/www.episcopalchurch.org\/es\/lectionary\/cirilo-y-metodio\/","title":{"rendered":"Cirilo y Metodio, misioneros, 869, 885"},"content":{"rendered":"\n<p><strong>La Colecta:<\/strong> <\/p>\n\n\n\n<p>Poderoso y eterno Dios, que por el poder del Esp\u00edritu Santo inspiraste a tus siervos Cirilo y Metodio a llevar la luz del Evangelio a un pueblo hostil y dividido, haz que superemos toda amargura y contienda por el amor de Cristo, y seamos una familia unida bajo el estandarte del Pr\u00edncipe de la paz; que vive y reina contigo y el Esp\u00edritu Santo, un solo Dios, por los siglos de los siglos. Am\u00e9n.<\/p>\n\n\n\n<p><strong>Primera Lectura:<\/strong> Eclesiast\u00e9s 4:7-12\u00a0<\/p>\n\n\n\n<p><strong>Salmo:<\/strong> 29<\/p>\n\n\n\n<p><strong>Segunda Lectura:<\/strong> Filipenses 1:15\u201326<\/p>\n\n\n\n<p><strong>El Evangelio:<\/strong> Marcos 16:15-20<\/p>\n","protected":false},"featured_media":207772,"template":"","meta":{"_acf_changed":false,"_uag_custom_page_level_css":"","_kad_blocks_custom_css":"","_kad_blocks_head_custom_js":"","_kad_blocks_body_custom_js":"","_kad_blocks_footer_custom_js":"","_kadence_starter_templates_imported_post":false,"_links_to":"","_links_to_target":""},"class_list":["post-208388","lectionary","type-lectionary","status-publish","has-post-thumbnail","hentry"],"acf":{"lectionary_cycle":["A","C"],"lectionary_type":"lesser-feasts-fasts","lectionary_date":"2019-02-14","lectionary_date_month":"2","lectionary_date_day":"14","drupal_id":"259201","lectionary_language":"en","lectionary_other_translation":false},"yoast_head":"<!-- This site is optimized with the Yoast SEO Premium plugin v24.6 (Yoast SEO v26.3) - https:\/\/yoast.com\/wordpress\/plugins\/seo\/ -->\n<title>Cirilo y Metodio, misioneros, 869, 885 &#8211; The Episcopal Church<\/title>\n<meta name=\"robots\" content=\"index, follow, max-snippet:-1, max-image-preview:large, max-video-preview:-1\" \/>\n<link rel=\"canonical\" href=\"https:\/\/www.episcopalchurch.org\/es\/lectionary\/cirilo-y-metodio\/\" \/>\n<meta property=\"og:locale\" content=\"es_ES\" \/>\n<meta property=\"og:type\" content=\"article\" \/>\n<meta property=\"og:title\" content=\"Cirilo y Metodio, misioneros, 869, 885\" \/>\n<meta property=\"og:description\" content=\"La Colecta: Poderoso y eterno Dios, que por el poder del Esp\u00edritu Santo inspiraste a tus siervos Cirilo y Metodio a llevar la luz del Evangelio a un pueblo hostil y dividido, haz que superemos toda amargura y contienda por el amor de Cristo, y seamos una familia unida bajo el estandarte del Pr\u00edncipe de [&hellip;]\" \/>\n<meta property=\"og:url\" content=\"https:\/\/www.episcopalchurch.org\/es\/lectionary\/cirilo-y-metodio\/\" \/>\n<meta property=\"og:site_name\" content=\"The Episcopal Church\" \/>\n<meta property=\"article:publisher\" content=\"https:\/\/www.facebook.com\/episcopalian\" \/>\n<meta property=\"article:modified_time\" content=\"2025-03-26T15:37:48+00:00\" \/>\n<meta property=\"og:image\" content=\"https:\/\/www.episcopalchurch.org\/wp-content\/uploads\/2021\/01\/cyril_methodius.jpg\" \/>\n\t<meta property=\"og:image:width\" content=\"169\" \/>\n\t<meta property=\"og:image:height\" content=\"200\" \/>\n\t<meta property=\"og:image:type\" content=\"image\/jpeg\" \/>\n<meta name=\"twitter:card\" content=\"summary_large_image\" \/>\n<meta name=\"twitter:site\" content=\"@iamepiscopalian\" \/>\n<meta name=\"twitter:label1\" content=\"Est. reading time\" \/>\n\t<meta name=\"twitter:data1\" content=\"1 minute\" \/>\n<script type=\"application\/ld+json\" class=\"yoast-schema-graph\">{\"@context\":\"https:\/\/schema.org\",\"@graph\":[{\"@type\":\"WebPage\",\"@id\":\"https:\/\/www.episcopalchurch.org\/es\/lectionary\/cirilo-y-metodio\/\",\"url\":\"https:\/\/www.episcopalchurch.org\/es\/lectionary\/cirilo-y-metodio\/\",\"name\":\"Cirilo y Metodio, misioneros, 869, 885 &#8211; The Episcopal Church\",\"isPartOf\":{\"@id\":\"https:\/\/www.episcopalchurch.org\/#website\"},\"primaryImageOfPage\":{\"@id\":\"https:\/\/www.episcopalchurch.org\/es\/lectionary\/cirilo-y-metodio\/#primaryimage\"},\"image\":{\"@id\":\"https:\/\/www.episcopalchurch.org\/es\/lectionary\/cirilo-y-metodio\/#primaryimage\"},\"thumbnailUrl\":\"https:\/\/www.episcopalchurch.org\/wp-content\/uploads\/2021\/01\/cyril_methodius.jpg\",\"datePublished\":\"2016-10-11T20:34:06+00:00\",\"dateModified\":\"2025-03-26T15:37:48+00:00\",\"breadcrumb\":{\"@id\":\"https:\/\/www.episcopalchurch.org\/es\/lectionary\/cirilo-y-metodio\/#breadcrumb\"},\"inLanguage\":\"es-ES\",\"potentialAction\":[{\"@type\":\"ReadAction\",\"target\":[\"https:\/\/www.episcopalchurch.org\/es\/lectionary\/cirilo-y-metodio\/\"]}]},{\"@type\":\"ImageObject\",\"inLanguage\":\"es-ES\",\"@id\":\"https:\/\/www.episcopalchurch.org\/es\/lectionary\/cirilo-y-metodio\/#primaryimage\",\"url\":\"https:\/\/www.episcopalchurch.org\/wp-content\/uploads\/2021\/01\/cyril_methodius.jpg\",\"contentUrl\":\"https:\/\/www.episcopalchurch.org\/wp-content\/uploads\/2021\/01\/cyril_methodius.jpg\",\"width\":169,\"height\":200},{\"@type\":\"BreadcrumbList\",\"@id\":\"https:\/\/www.episcopalchurch.org\/es\/lectionary\/cirilo-y-metodio\/#breadcrumb\",\"itemListElement\":[{\"@type\":\"ListItem\",\"position\":1,\"name\":\"Home\",\"item\":\"https:\/\/www.episcopalchurch.org\/\"},{\"@type\":\"ListItem\",\"position\":2,\"name\":\"Cirilo y Metodio, misioneros, 869, 885\"}]},{\"@type\":\"WebSite\",\"@id\":\"https:\/\/www.episcopalchurch.org\/#website\",\"url\":\"https:\/\/www.episcopalchurch.org\/\",\"name\":\"The Episcopal Church\",\"description\":\"Welcomes You\",\"publisher\":{\"@id\":\"https:\/\/www.episcopalchurch.org\/#organization\"},\"potentialAction\":[{\"@type\":\"SearchAction\",\"target\":{\"@type\":\"EntryPoint\",\"urlTemplate\":\"https:\/\/www.episcopalchurch.org\/?s={search_term_string}\"},\"query-input\":{\"@type\":\"PropertyValueSpecification\",\"valueRequired\":true,\"valueName\":\"search_term_string\"}}],\"inLanguage\":\"es-ES\"},{\"@type\":\"Organization\",\"@id\":\"https:\/\/www.episcopalchurch.org\/#organization\",\"name\":\"The Episcopal Church\",\"url\":\"https:\/\/www.episcopalchurch.org\/\",\"logo\":{\"@type\":\"ImageObject\",\"inLanguage\":\"es-ES\",\"@id\":\"https:\/\/www.episcopalchurch.org\/#\/schema\/logo\/image\/\",\"url\":\"https:\/\/www.episcopalchurch.org\/wp-content\/uploads\/2021\/01\/vertical_episcopal_logo.jpg\",\"contentUrl\":\"https:\/\/www.episcopalchurch.org\/wp-content\/uploads\/2021\/01\/vertical_episcopal_logo.jpg\",\"width\":770,\"height\":662,\"caption\":\"The Episcopal Church\"},\"image\":{\"@id\":\"https:\/\/www.episcopalchurch.org\/#\/schema\/logo\/image\/\"},\"sameAs\":[\"https:\/\/www.facebook.com\/episcopalian\",\"https:\/\/x.com\/iamepiscopalian\",\"https:\/\/www.youtube.com\/channel\/UCdVJpxCtK41c_-p6EaE4_2A\"]}]}<\/script>\n<!-- \/ Yoast SEO Premium plugin. -->","yoast_head_json":{"title":"Cirilo y Metodio, misioneros, 869, 885 &#8211; The Episcopal Church","robots":{"index":"index","follow":"follow","max-snippet":"max-snippet:-1","max-image-preview":"max-image-preview:large","max-video-preview":"max-video-preview:-1"},"canonical":"https:\/\/www.episcopalchurch.org\/es\/lectionary\/cirilo-y-metodio\/","og_locale":"es_ES","og_type":"article","og_title":"Cirilo y Metodio, misioneros, 869, 885","og_description":"La Colecta: Poderoso y eterno Dios, que por el poder del Esp\u00edritu Santo inspiraste a tus siervos Cirilo y Metodio a llevar la luz del Evangelio a un pueblo hostil y dividido, haz que superemos toda amargura y contienda por el amor de Cristo, y seamos una familia unida bajo el estandarte del Pr\u00edncipe de [&hellip;]","og_url":"https:\/\/www.episcopalchurch.org\/es\/lectionary\/cirilo-y-metodio\/","og_site_name":"The Episcopal Church","article_publisher":"https:\/\/www.facebook.com\/episcopalian","article_modified_time":"2025-03-26T15:37:48+00:00","og_image":[{"width":169,"height":200,"url":"https:\/\/www.episcopalchurch.org\/wp-content\/uploads\/2021\/01\/cyril_methodius.jpg","type":"image\/jpeg"}],"twitter_card":"summary_large_image","twitter_site":"@iamepiscopalian","twitter_misc":{"Est. reading time":"1 minute"},"schema":{"@context":"https:\/\/schema.org","@graph":[{"@type":"WebPage","@id":"https:\/\/www.episcopalchurch.org\/es\/lectionary\/cirilo-y-metodio\/","url":"https:\/\/www.episcopalchurch.org\/es\/lectionary\/cirilo-y-metodio\/","name":"Cirilo y Metodio, misioneros, 869, 885 &#8211; The Episcopal Church","isPartOf":{"@id":"https:\/\/www.episcopalchurch.org\/#website"},"primaryImageOfPage":{"@id":"https:\/\/www.episcopalchurch.org\/es\/lectionary\/cirilo-y-metodio\/#primaryimage"},"image":{"@id":"https:\/\/www.episcopalchurch.org\/es\/lectionary\/cirilo-y-metodio\/#primaryimage"},"thumbnailUrl":"https:\/\/www.episcopalchurch.org\/wp-content\/uploads\/2021\/01\/cyril_methodius.jpg","datePublished":"2016-10-11T20:34:06+00:00","dateModified":"2025-03-26T15:37:48+00:00","breadcrumb":{"@id":"https:\/\/www.episcopalchurch.org\/es\/lectionary\/cirilo-y-metodio\/#breadcrumb"},"inLanguage":"es-ES","potentialAction":[{"@type":"ReadAction","target":["https:\/\/www.episcopalchurch.org\/es\/lectionary\/cirilo-y-metodio\/"]}]},{"@type":"ImageObject","inLanguage":"es-ES","@id":"https:\/\/www.episcopalchurch.org\/es\/lectionary\/cirilo-y-metodio\/#primaryimage","url":"https:\/\/www.episcopalchurch.org\/wp-content\/uploads\/2021\/01\/cyril_methodius.jpg","contentUrl":"https:\/\/www.episcopalchurch.org\/wp-content\/uploads\/2021\/01\/cyril_methodius.jpg","width":169,"height":200},{"@type":"BreadcrumbList","@id":"https:\/\/www.episcopalchurch.org\/es\/lectionary\/cirilo-y-metodio\/#breadcrumb","itemListElement":[{"@type":"ListItem","position":1,"name":"Home","item":"https:\/\/www.episcopalchurch.org\/"},{"@type":"ListItem","position":2,"name":"Cirilo y Metodio, misioneros, 869, 885"}]},{"@type":"WebSite","@id":"https:\/\/www.episcopalchurch.org\/#website","url":"https:\/\/www.episcopalchurch.org\/","name":"The Episcopal Church","description":"Welcomes You","publisher":{"@id":"https:\/\/www.episcopalchurch.org\/#organization"},"potentialAction":[{"@type":"SearchAction","target":{"@type":"EntryPoint","urlTemplate":"https:\/\/www.episcopalchurch.org\/?s={search_term_string}"},"query-input":{"@type":"PropertyValueSpecification","valueRequired":true,"valueName":"search_term_string"}}],"inLanguage":"es-ES"},{"@type":"Organization","@id":"https:\/\/www.episcopalchurch.org\/#organization","name":"The Episcopal Church","url":"https:\/\/www.episcopalchurch.org\/","logo":{"@type":"ImageObject","inLanguage":"es-ES","@id":"https:\/\/www.episcopalchurch.org\/#\/schema\/logo\/image\/","url":"https:\/\/www.episcopalchurch.org\/wp-content\/uploads\/2021\/01\/vertical_episcopal_logo.jpg","contentUrl":"https:\/\/www.episcopalchurch.org\/wp-content\/uploads\/2021\/01\/vertical_episcopal_logo.jpg","width":770,"height":662,"caption":"The Episcopal Church"},"image":{"@id":"https:\/\/www.episcopalchurch.org\/#\/schema\/logo\/image\/"},"sameAs":["https:\/\/www.facebook.com\/episcopalian","https:\/\/x.com\/iamepiscopalian","https:\/\/www.youtube.com\/channel\/UCdVJpxCtK41c_-p6EaE4_2A"]}]}},"taxonomy_info":[],"featured_image_src_large":["https:\/\/www.episcopalchurch.org\/wp-content\/uploads\/2021\/01\/cyril_methodius.jpg",169,200,false],"author_info":[],"comment_info":"","uagb_featured_image_src":{"full":["https:\/\/www.episcopalchurch.org\/wp-content\/uploads\/2021\/01\/cyril_methodius.jpg",169,200,false],"thumbnail":["https:\/\/www.episcopalchurch.org\/wp-content\/uploads\/2021\/01\/cyril_methodius-150x150.jpg",150,150,true],"medium":["https:\/\/www.episcopalchurch.org\/wp-content\/uploads\/2021\/01\/cyril_methodius.jpg",169,200,false],"medium_large":["https:\/\/www.episcopalchurch.org\/wp-content\/uploads\/2021\/01\/cyril_methodius.jpg",169,200,false],"large":["https:\/\/www.episcopalchurch.org\/wp-content\/uploads\/2021\/01\/cyril_methodius.jpg",169,200,false],"1536x1536":["https:\/\/www.episcopalchurch.org\/wp-content\/uploads\/2021\/01\/cyril_methodius.jpg",169,200,false],"2048x2048":["https:\/\/www.episcopalchurch.org\/wp-content\/uploads\/2021\/01\/cyril_methodius.jpg",169,200,false],"menu":["https:\/\/www.episcopalchurch.org\/wp-content\/uploads\/2021\/01\/cyril_methodius.jpg",169,200,false],"hero":["https:\/\/www.episcopalchurch.org\/wp-content\/uploads\/2021\/01\/cyril_methodius.jpg",169,200,false],"callout-image":["https:\/\/www.episcopalchurch.org\/wp-content\/uploads\/2021\/01\/cyril_methodius.jpg",169,200,false]},"uagb_author_info":{"display_name":"Scott Rands","author_link":"https:\/\/www.episcopalchurch.org\/es\/author\/"},"uagb_comment_info":0,"uagb_excerpt":"La Colecta: Poderoso y eterno Dios, que por el poder del Esp\u00edritu Santo inspiraste a tus siervos Cirilo y Metodio a llevar la luz del Evangelio a un pueblo hostil y dividido, haz que superemos toda amargura y contienda por el amor de Cristo, y seamos una familia unida bajo el estandarte del Pr\u00edncipe de&hellip;","_links":{"self":[{"href":"https:\/\/www.episcopalchurch.org\/es\/wp-json\/wp\/v2\/lectionary\/208388","targetHints":{"allow":["GET"]}}],"collection":[{"href":"https:\/\/www.episcopalchurch.org\/es\/wp-json\/wp\/v2\/lectionary"}],"about":[{"href":"https:\/\/www.episcopalchurch.org\/es\/wp-json\/wp\/v2\/types\/lectionary"}],"wp:featuredmedia":[{"embeddable":true,"href":"https:\/\/www.episcopalchurch.org\/es\/wp-json\/wp\/v2\/media\/207772"}],"wp:attachment":[{"href":"https:\/\/www.episcopalchurch.org\/es\/wp-json\/wp\/v2\/media?parent=208388"}],"curies":[{"name":"wp","href":"https:\/\/api.w.org\/{rel}","templated":true}]}}

<p><strong>La Colecta:</strong> </p>



<p>Poderoso y eterno Dios, que por el poder del Espíritu Santo inspiraste a tus siervos Cirilo y Metodio a llevar la luz del Evangelio a un pueblo hostil y dividido, haz que superemos toda amargura y contienda por el amor de Cristo, y seamos una familia unida bajo el estandarte del Príncipe de la paz; que vive y reina contigo y el Espíritu Santo, un solo Dios, por los siglos de los siglos. Amén.</p>



<p><strong>Primera Lectura:</strong> Eclesiastés 4:7-12 </p>



<p><strong>Salmo:</strong> 29</p>



<p><strong>Segunda Lectura:</strong> Filipenses 1:15–26</p>



<p><strong>El Evangelio:</strong> Marcos 16:15-20</p>

<!-- This site is optimized with the Yoast SEO Premium plugin v24.6 (Yoast SEO v26.3) - https://yoast.com/wordpress/plugins/seo/ -->
<title>Cirilo y Metodio, misioneros, 869, 885 &#8211; The Episcopal Church</title>
<meta name="robots" content="index, follow, max-snippet:-1, max-image-preview:large, max-video-preview:-1" />
<link rel="canonical" href="https://www.episcopalchurch.org/es/lectionary/cirilo-y-metodio/" />
<meta property="og:locale" content="es_ES" />
<meta property="og:type" content="article" />
<meta property="og:title" content="Cirilo y Metodio, misioneros, 869, 885" />
<meta property="og:description" content="La Colecta: Poderoso y eterno Dios, que por el poder del Espíritu Santo inspiraste a tus siervos Cirilo y Metodio a llevar la luz del Evangelio a un pueblo hostil y dividido, haz que superemos toda amargura y contienda por el amor de Cristo, y seamos una familia unida bajo el estandarte del Príncipe de [&hellip;]" />
<meta property="og:url" content="https://www.episcopalchurch.org/es/lectionary/cirilo-y-metodio/" />
<meta property="og:site_name" content="The Episcopal Church" />
<meta property="article:publisher" content="https://www.facebook.com/episcopalian" />
<meta property="article:modified_time" content="2025-03-26T15:37:48+00:00" />
<meta property="og:image" content="https://www.episcopalchurch.org/wp-content/uploads/2021/01/cyril_methodius.jpg" />
	<meta property="og:image:width" content="169" />
	<meta property="og:image:height" content="200" />
	<meta property="og:image:type" content="image/jpeg" />
<meta name="twitter:card" content="summary_large_image" />
<meta name="twitter:site" content="@iamepiscopalian" />
<meta name="twitter:label1" content="Est. reading time" />
	<meta name="twitter:data1" content="1 minute" />
<script type="application/ld+json" class="yoast-schema-graph">{"@context":"https://schema.org","@graph":[{"@type":"WebPage","@id":"https://www.episcopalchurch.org/es/lectionary/cirilo-y-metodio/","url":"https://www.episcopalchurch.org/es/lectionary/cirilo-y-metodio/","name":"Cirilo y Metodio, misioneros, 869, 885 &#8211; The Episcopal Church","isPartOf":{"@id":"https://www.episcopalchurch.org/#website"},"primaryImageOfPage":{"@id":"https://www.episcopalchurch.org/es/lectionary/cirilo-y-metodio/#primaryimage"},"image":{"@id":"https://www.episcopalchurch.org/es/lectionary/cirilo-y-metodio/#primaryimage"},"thumbnailUrl":"https://www.episcopalchurch.org/wp-content/uploads/2021/01/cyril_methodius.jpg","datePublished":"2016-10-11T20:34:06+00:00","dateModified":"2025-03-26T15:37:48+00:00","breadcrumb":{"@id":"https://www.episcopalchurch.org/es/lectionary/cirilo-y-metodio/#breadcrumb"},"inLanguage":"es-ES","potentialAction":[{"@type":"ReadAction","target":["https://www.episcopalchurch.org/es/lectionary/cirilo-y-metodio/"]}]},{"@type":"ImageObject","inLanguage":"es-ES","@id":"https://www.episcopalchurch.org/es/lectionary/cirilo-y-metodio/#primaryimage","url":"https://www.episcopalchurch.org/wp-content/uploads/2021/01/cyril_methodius.jpg","contentUrl":"https://www.episcopalchurch.org/wp-content/uploads/2021/01/cyril_methodius.jpg","width":169,"height":200},{"@type":"BreadcrumbList","@id":"https://www.episcopalchurch.org/es/lectionary/cirilo-y-metodio/#breadcrumb","itemListElement":[{"@type":"ListItem","position":1,"name":"Home","item":"https://www.episcopalchurch.org/"},{"@type":"ListItem","position":2,"name":"Cirilo y Metodio, misioneros, 869, 885"}]},{"@type":"WebSite","@id":"https://www.episcopalchurch.org/#website","url":"https://www.episcopalchurch.org/","name":"The Episcopal Church","description":"Welcomes You","publisher":{"@id":"https://www.episcopalchurch.org/#organization"},"potentialAction":[{"@type":"SearchAction","target":{"@type":"EntryPoint","urlTemplate":"https://www.episcopalchurch.org/?s={search_term_string}"},"query-input":{"@type":"PropertyValueSpecification","valueRequired":true,"valueName":"search_term_string"}}],"inLanguage":"es-ES"},{"@type":"Organization","@id":"https://www.episcopalchurch.org/#organization","name":"The Episcopal Church","url":"https://www.episcopalchurch.org/","logo":{"@type":"ImageObject","inLanguage":"es-ES","@id":"https://www.episcopalchurch.org/#/schema/logo/image/","url":"https://www.episcopalchurch.org/wp-content/uploads/2021/01/vertical_episcopal_logo.jpg","contentUrl":"https://www.episcopalchurch.org/wp-content/uploads/2021/01/vertical_episcopal_logo.jpg","width":770,"height":662,"caption":"The Episcopal Church"},"image":{"@id":"https://www.episcopalchurch.org/#/schema/logo/image/"},"sameAs":["https://www.facebook.com/episcopalian","https://x.com/iamepiscopalian","https://www.youtube.com/channel/UCdVJpxCtK41c_-p6EaE4_2A"]}]}</script>
<!-- / Yoast SEO Premium plugin. -->

La Colecta: Poderoso y eterno Dios, que por el poder del Espíritu Santo inspiraste a tus siervos Cirilo y Metodio a llevar la luz del Evangelio a un pueblo hostil y dividido, haz que superemos toda amargura y contienda por el amor de Cristo, y seamos una familia unida bajo el estandarte del Príncipe de [&hellip;]

La Colecta: Poderoso y eterno Dios, que por el poder del Espíritu Santo inspiraste a tus siervos Cirilo y Metodio a llevar la luz del Evangelio a un pueblo hostil y dividido, haz que superemos toda amargura y contienda por el amor de Cristo, y seamos una familia unida bajo el estandarte del Príncipe de&hellip;
