{"id":209133,"date":"2016-12-08T19:54:03","date_gmt":"2016-12-08T19:54:03","guid":{"rendered":"https:\/\/www2.episcopalchurch.org\/lectionary\/martin-luther-king-jr\/"},"modified":"2025-03-14T15:48:37","modified_gmt":"2025-03-14T19:48:37","slug":"martin-luther-king-jr","status":"publish","type":"lectionary","link":"https:\/\/www.episcopalchurch.org\/es\/lectionary\/martin-luther-king-jr\/","title":{"rendered":"Mart\u00edn Luther King, Jr., pastor y m\u00e1rtir, 1968"},"content":{"rendered":"\n<p><strong>La Colecta:<\/strong> <\/p>\n\n\n\n<p>Dios todopoderoso, de la mano de tu siervo Mois\u00e9s libraste a tu pueblo de la esclavitud, haci\u00e9ndoles libres al fin: Haz que tu Iglesia, siguiendo el ejemplo de tu profeta Mart\u00edn Luther King, pueda resistir la opresi\u00f3n en nombre de tu amor, y obtener para todos tus hijos la libertad bendita del Evangelio de Jesucristo; quien vive y reina contigo y el Esp\u00edritu Santo, un solo Dios, ahora y por siempre. Am\u00e9n.<\/p>\n\n\n\n<p><strong>Primera Lectura:<\/strong> \u00c9xodo 3:7\u201312<\/p>\n\n\n\n<p><strong>Salmo:<\/strong> 77:11-20<\/p>\n\n\n\n<p><strong>Segunda Lectura:<\/strong> Efesios 6:10-20\u00a0<\/p>\n\n\n\n<p><strong>El Evangelio:<\/strong> Lucas 6:27-36<\/p>\n","protected":false},"featured_media":209131,"template":"","meta":{"_acf_changed":false,"_uag_custom_page_level_css":"","_kad_blocks_custom_css":"","_kad_blocks_head_custom_js":"","_kad_blocks_body_custom_js":"","_kad_blocks_footer_custom_js":"","_kadence_starter_templates_imported_post":false,"_links_to":"","_links_to_target":""},"class_list":["post-209133","lectionary","type-lectionary","status-publish","has-post-thumbnail","hentry"],"acf":{"lectionary_cycle":["C"],"lectionary_type":"lesser-feasts-fasts","lectionary_date":"2019-04-04","lectionary_date_month":"4","lectionary_date_day":"4","drupal_id":"262761","lectionary_language":"en","lectionary_other_translation":false},"yoast_head":"<!-- This site is optimized with the Yoast SEO Premium plugin v24.6 (Yoast SEO v26.3) - https:\/\/yoast.com\/wordpress\/plugins\/seo\/ -->\n<title>Mart\u00edn Luther King, Jr., pastor y m\u00e1rtir, 1968 &#8211; The Episcopal Church<\/title>\n<meta name=\"robots\" content=\"index, follow, max-snippet:-1, max-image-preview:large, max-video-preview:-1\" \/>\n<link rel=\"canonical\" href=\"https:\/\/www.episcopalchurch.org\/es\/lectionary\/martin-luther-king-jr\/\" \/>\n<meta property=\"og:locale\" content=\"es_ES\" \/>\n<meta property=\"og:type\" content=\"article\" \/>\n<meta property=\"og:title\" content=\"Mart\u00edn Luther King, Jr., pastor y m\u00e1rtir, 1968\" \/>\n<meta property=\"og:description\" content=\"La Colecta: Dios todopoderoso, de la mano de tu siervo Mois\u00e9s libraste a tu pueblo de la esclavitud, haci\u00e9ndoles libres al fin: Haz que tu Iglesia, siguiendo el ejemplo de tu profeta Mart\u00edn Luther King, pueda resistir la opresi\u00f3n en nombre de tu amor, y obtener para todos tus hijos la libertad bendita del Evangelio [&hellip;]\" \/>\n<meta property=\"og:url\" content=\"https:\/\/www.episcopalchurch.org\/es\/lectionary\/martin-luther-king-jr\/\" \/>\n<meta property=\"og:site_name\" content=\"The Episcopal Church\" \/>\n<meta property=\"article:publisher\" content=\"https:\/\/www.facebook.com\/episcopalian\" \/>\n<meta property=\"article:modified_time\" content=\"2025-03-14T19:48:37+00:00\" \/>\n<meta property=\"og:image\" content=\"https:\/\/www.episcopalchurch.org\/wp-content\/uploads\/2016\/12\/ml_king_apr-4.jpg\" \/>\n\t<meta property=\"og:image:width\" content=\"448\" \/>\n\t<meta property=\"og:image:height\" content=\"298\" \/>\n\t<meta property=\"og:image:type\" content=\"image\/jpeg\" \/>\n<meta name=\"twitter:card\" content=\"summary_large_image\" \/>\n<meta name=\"twitter:site\" content=\"@iamepiscopalian\" \/>\n<meta name=\"twitter:label1\" content=\"Est. reading time\" \/>\n\t<meta name=\"twitter:data1\" content=\"1 minute\" \/>\n<script type=\"application\/ld+json\" class=\"yoast-schema-graph\">{\"@context\":\"https:\/\/schema.org\",\"@graph\":[{\"@type\":\"WebPage\",\"@id\":\"https:\/\/www.episcopalchurch.org\/es\/lectionary\/martin-luther-king-jr\/\",\"url\":\"https:\/\/www.episcopalchurch.org\/es\/lectionary\/martin-luther-king-jr\/\",\"name\":\"Mart\u00edn Luther King, Jr., pastor y m\u00e1rtir, 1968 &#8211; The Episcopal Church\",\"isPartOf\":{\"@id\":\"https:\/\/www.episcopalchurch.org\/#website\"},\"primaryImageOfPage\":{\"@id\":\"https:\/\/www.episcopalchurch.org\/es\/lectionary\/martin-luther-king-jr\/#primaryimage\"},\"image\":{\"@id\":\"https:\/\/www.episcopalchurch.org\/es\/lectionary\/martin-luther-king-jr\/#primaryimage\"},\"thumbnailUrl\":\"https:\/\/www.episcopalchurch.org\/wp-content\/uploads\/2016\/12\/ml_king_apr-4.jpg\",\"datePublished\":\"2016-12-08T19:54:03+00:00\",\"dateModified\":\"2025-03-14T19:48:37+00:00\",\"breadcrumb\":{\"@id\":\"https:\/\/www.episcopalchurch.org\/es\/lectionary\/martin-luther-king-jr\/#breadcrumb\"},\"inLanguage\":\"es-ES\",\"potentialAction\":[{\"@type\":\"ReadAction\",\"target\":[\"https:\/\/www.episcopalchurch.org\/es\/lectionary\/martin-luther-king-jr\/\"]}]},{\"@type\":\"ImageObject\",\"inLanguage\":\"es-ES\",\"@id\":\"https:\/\/www.episcopalchurch.org\/es\/lectionary\/martin-luther-king-jr\/#primaryimage\",\"url\":\"https:\/\/www.episcopalchurch.org\/wp-content\/uploads\/2016\/12\/ml_king_apr-4.jpg\",\"contentUrl\":\"https:\/\/www.episcopalchurch.org\/wp-content\/uploads\/2016\/12\/ml_king_apr-4.jpg\",\"width\":448,\"height\":298},{\"@type\":\"BreadcrumbList\",\"@id\":\"https:\/\/www.episcopalchurch.org\/es\/lectionary\/martin-luther-king-jr\/#breadcrumb\",\"itemListElement\":[{\"@type\":\"ListItem\",\"position\":1,\"name\":\"Home\",\"item\":\"https:\/\/www.episcopalchurch.org\/\"},{\"@type\":\"ListItem\",\"position\":2,\"name\":\"Mart\u00edn Luther King, Jr., pastor y m\u00e1rtir, 1968\"}]},{\"@type\":\"WebSite\",\"@id\":\"https:\/\/www.episcopalchurch.org\/#website\",\"url\":\"https:\/\/www.episcopalchurch.org\/\",\"name\":\"The Episcopal Church\",\"description\":\"Welcomes You\",\"publisher\":{\"@id\":\"https:\/\/www.episcopalchurch.org\/#organization\"},\"potentialAction\":[{\"@type\":\"SearchAction\",\"target\":{\"@type\":\"EntryPoint\",\"urlTemplate\":\"https:\/\/www.episcopalchurch.org\/?s={search_term_string}\"},\"query-input\":{\"@type\":\"PropertyValueSpecification\",\"valueRequired\":true,\"valueName\":\"search_term_string\"}}],\"inLanguage\":\"es-ES\"},{\"@type\":\"Organization\",\"@id\":\"https:\/\/www.episcopalchurch.org\/#organization\",\"name\":\"The Episcopal Church\",\"url\":\"https:\/\/www.episcopalchurch.org\/\",\"logo\":{\"@type\":\"ImageObject\",\"inLanguage\":\"es-ES\",\"@id\":\"https:\/\/www.episcopalchurch.org\/#\/schema\/logo\/image\/\",\"url\":\"https:\/\/www.episcopalchurch.org\/wp-content\/uploads\/2021\/01\/vertical_episcopal_logo.jpg\",\"contentUrl\":\"https:\/\/www.episcopalchurch.org\/wp-content\/uploads\/2021\/01\/vertical_episcopal_logo.jpg\",\"width\":770,\"height\":662,\"caption\":\"The Episcopal Church\"},\"image\":{\"@id\":\"https:\/\/www.episcopalchurch.org\/#\/schema\/logo\/image\/\"},\"sameAs\":[\"https:\/\/www.facebook.com\/episcopalian\",\"https:\/\/x.com\/iamepiscopalian\",\"https:\/\/www.youtube.com\/channel\/UCdVJpxCtK41c_-p6EaE4_2A\"]}]}<\/script>\n<!-- \/ Yoast SEO Premium plugin. -->","yoast_head_json":{"title":"Mart\u00edn Luther King, Jr., pastor y m\u00e1rtir, 1968 &#8211; The Episcopal Church","robots":{"index":"index","follow":"follow","max-snippet":"max-snippet:-1","max-image-preview":"max-image-preview:large","max-video-preview":"max-video-preview:-1"},"canonical":"https:\/\/www.episcopalchurch.org\/es\/lectionary\/martin-luther-king-jr\/","og_locale":"es_ES","og_type":"article","og_title":"Mart\u00edn Luther King, Jr., pastor y m\u00e1rtir, 1968","og_description":"La Colecta: Dios todopoderoso, de la mano de tu siervo Mois\u00e9s libraste a tu pueblo de la esclavitud, haci\u00e9ndoles libres al fin: Haz que tu Iglesia, siguiendo el ejemplo de tu profeta Mart\u00edn Luther King, pueda resistir la opresi\u00f3n en nombre de tu amor, y obtener para todos tus hijos la libertad bendita del Evangelio [&hellip;]","og_url":"https:\/\/www.episcopalchurch.org\/es\/lectionary\/martin-luther-king-jr\/","og_site_name":"The Episcopal Church","article_publisher":"https:\/\/www.facebook.com\/episcopalian","article_modified_time":"2025-03-14T19:48:37+00:00","og_image":[{"width":448,"height":298,"url":"https:\/\/www.episcopalchurch.org\/wp-content\/uploads\/2016\/12\/ml_king_apr-4.jpg","type":"image\/jpeg"}],"twitter_card":"summary_large_image","twitter_site":"@iamepiscopalian","twitter_misc":{"Est. reading time":"1 minute"},"schema":{"@context":"https:\/\/schema.org","@graph":[{"@type":"WebPage","@id":"https:\/\/www.episcopalchurch.org\/es\/lectionary\/martin-luther-king-jr\/","url":"https:\/\/www.episcopalchurch.org\/es\/lectionary\/martin-luther-king-jr\/","name":"Mart\u00edn Luther King, Jr., pastor y m\u00e1rtir, 1968 &#8211; The Episcopal Church","isPartOf":{"@id":"https:\/\/www.episcopalchurch.org\/#website"},"primaryImageOfPage":{"@id":"https:\/\/www.episcopalchurch.org\/es\/lectionary\/martin-luther-king-jr\/#primaryimage"},"image":{"@id":"https:\/\/www.episcopalchurch.org\/es\/lectionary\/martin-luther-king-jr\/#primaryimage"},"thumbnailUrl":"https:\/\/www.episcopalchurch.org\/wp-content\/uploads\/2016\/12\/ml_king_apr-4.jpg","datePublished":"2016-12-08T19:54:03+00:00","dateModified":"2025-03-14T19:48:37+00:00","breadcrumb":{"@id":"https:\/\/www.episcopalchurch.org\/es\/lectionary\/martin-luther-king-jr\/#breadcrumb"},"inLanguage":"es-ES","potentialAction":[{"@type":"ReadAction","target":["https:\/\/www.episcopalchurch.org\/es\/lectionary\/martin-luther-king-jr\/"]}]},{"@type":"ImageObject","inLanguage":"es-ES","@id":"https:\/\/www.episcopalchurch.org\/es\/lectionary\/martin-luther-king-jr\/#primaryimage","url":"https:\/\/www.episcopalchurch.org\/wp-content\/uploads\/2016\/12\/ml_king_apr-4.jpg","contentUrl":"https:\/\/www.episcopalchurch.org\/wp-content\/uploads\/2016\/12\/ml_king_apr-4.jpg","width":448,"height":298},{"@type":"BreadcrumbList","@id":"https:\/\/www.episcopalchurch.org\/es\/lectionary\/martin-luther-king-jr\/#breadcrumb","itemListElement":[{"@type":"ListItem","position":1,"name":"Home","item":"https:\/\/www.episcopalchurch.org\/"},{"@type":"ListItem","position":2,"name":"Mart\u00edn Luther King, Jr., pastor y m\u00e1rtir, 1968"}]},{"@type":"WebSite","@id":"https:\/\/www.episcopalchurch.org\/#website","url":"https:\/\/www.episcopalchurch.org\/","name":"The Episcopal Church","description":"Welcomes You","publisher":{"@id":"https:\/\/www.episcopalchurch.org\/#organization"},"potentialAction":[{"@type":"SearchAction","target":{"@type":"EntryPoint","urlTemplate":"https:\/\/www.episcopalchurch.org\/?s={search_term_string}"},"query-input":{"@type":"PropertyValueSpecification","valueRequired":true,"valueName":"search_term_string"}}],"inLanguage":"es-ES"},{"@type":"Organization","@id":"https:\/\/www.episcopalchurch.org\/#organization","name":"The Episcopal Church","url":"https:\/\/www.episcopalchurch.org\/","logo":{"@type":"ImageObject","inLanguage":"es-ES","@id":"https:\/\/www.episcopalchurch.org\/#\/schema\/logo\/image\/","url":"https:\/\/www.episcopalchurch.org\/wp-content\/uploads\/2021\/01\/vertical_episcopal_logo.jpg","contentUrl":"https:\/\/www.episcopalchurch.org\/wp-content\/uploads\/2021\/01\/vertical_episcopal_logo.jpg","width":770,"height":662,"caption":"The Episcopal Church"},"image":{"@id":"https:\/\/www.episcopalchurch.org\/#\/schema\/logo\/image\/"},"sameAs":["https:\/\/www.facebook.com\/episcopalian","https:\/\/x.com\/iamepiscopalian","https:\/\/www.youtube.com\/channel\/UCdVJpxCtK41c_-p6EaE4_2A"]}]}},"taxonomy_info":[],"featured_image_src_large":["https:\/\/www.episcopalchurch.org\/wp-content\/uploads\/2016\/12\/ml_king_apr-4.jpg",448,298,false],"author_info":[],"comment_info":"","uagb_featured_image_src":{"full":["https:\/\/www.episcopalchurch.org\/wp-content\/uploads\/2016\/12\/ml_king_apr-4.jpg",448,298,false],"thumbnail":["https:\/\/www.episcopalchurch.org\/wp-content\/uploads\/2016\/12\/ml_king_apr-4-150x150.jpg",150,150,true],"medium":["https:\/\/www.episcopalchurch.org\/wp-content\/uploads\/2016\/12\/ml_king_apr-4-300x200.jpg",300,200,true],"medium_large":["https:\/\/www.episcopalchurch.org\/wp-content\/uploads\/2016\/12\/ml_king_apr-4.jpg",448,298,false],"large":["https:\/\/www.episcopalchurch.org\/wp-content\/uploads\/2016\/12\/ml_king_apr-4.jpg",448,298,false],"1536x1536":["https:\/\/www.episcopalchurch.org\/wp-content\/uploads\/2016\/12\/ml_king_apr-4.jpg",448,298,false],"2048x2048":["https:\/\/www.episcopalchurch.org\/wp-content\/uploads\/2016\/12\/ml_king_apr-4.jpg",448,298,false],"menu":["https:\/\/www.episcopalchurch.org\/wp-content\/uploads\/2016\/12\/ml_king_apr-4-330x200.jpg",330,200,true],"hero":["https:\/\/www.episcopalchurch.org\/wp-content\/uploads\/2016\/12\/ml_king_apr-4.jpg",448,298,false],"callout-image":["https:\/\/www.episcopalchurch.org\/wp-content\/uploads\/2016\/12\/ml_king_apr-4.jpg",448,298,false]},"uagb_author_info":{"display_name":"Scott Rands","author_link":"https:\/\/www.episcopalchurch.org\/es\/author\/"},"uagb_comment_info":0,"uagb_excerpt":"La Colecta: Dios todopoderoso, de la mano de tu siervo Mois\u00e9s libraste a tu pueblo de la esclavitud, haci\u00e9ndoles libres al fin: Haz que tu Iglesia, siguiendo el ejemplo de tu profeta Mart\u00edn Luther King, pueda resistir la opresi\u00f3n en nombre de tu amor, y obtener para todos tus hijos la libertad bendita del Evangelio&hellip;","_links":{"self":[{"href":"https:\/\/www.episcopalchurch.org\/es\/wp-json\/wp\/v2\/lectionary\/209133","targetHints":{"allow":["GET"]}}],"collection":[{"href":"https:\/\/www.episcopalchurch.org\/es\/wp-json\/wp\/v2\/lectionary"}],"about":[{"href":"https:\/\/www.episcopalchurch.org\/es\/wp-json\/wp\/v2\/types\/lectionary"}],"wp:featuredmedia":[{"embeddable":true,"href":"https:\/\/www.episcopalchurch.org\/es\/wp-json\/wp\/v2\/media\/209131"}],"wp:attachment":[{"href":"https:\/\/www.episcopalchurch.org\/es\/wp-json\/wp\/v2\/media?parent=209133"}],"curies":[{"name":"wp","href":"https:\/\/api.w.org\/{rel}","templated":true}]}}

Martín Luther King, Jr., pastor y mártir, 1968

<p><strong>La Colecta:</strong> </p>



<p>Dios todopoderoso, de la mano de tu siervo Moisés libraste a tu pueblo de la esclavitud, haciéndoles libres al fin: Haz que tu Iglesia, siguiendo el ejemplo de tu profeta Martín Luther King, pueda resistir la opresión en nombre de tu amor, y obtener para todos tus hijos la libertad bendita del Evangelio de Jesucristo; quien vive y reina contigo y el Espíritu Santo, un solo Dios, ahora y por siempre. Amén.</p>



<p><strong>Primera Lectura:</strong> Éxodo 3:7–12</p>



<p><strong>Salmo:</strong> 77:11-20</p>



<p><strong>Segunda Lectura:</strong> Efesios 6:10-20 </p>



<p><strong>El Evangelio:</strong> Lucas 6:27-36</p>

<!-- This site is optimized with the Yoast SEO Premium plugin v24.6 (Yoast SEO v26.3) - https://yoast.com/wordpress/plugins/seo/ -->
<title>Martín Luther King, Jr., pastor y mártir, 1968 &#8211; The Episcopal Church</title>
<meta name="robots" content="index, follow, max-snippet:-1, max-image-preview:large, max-video-preview:-1" />
<link rel="canonical" href="https://www.episcopalchurch.org/es/lectionary/martin-luther-king-jr/" />
<meta property="og:locale" content="es_ES" />
<meta property="og:type" content="article" />
<meta property="og:title" content="Martín Luther King, Jr., pastor y mártir, 1968" />
<meta property="og:description" content="La Colecta: Dios todopoderoso, de la mano de tu siervo Moisés libraste a tu pueblo de la esclavitud, haciéndoles libres al fin: Haz que tu Iglesia, siguiendo el ejemplo de tu profeta Martín Luther King, pueda resistir la opresión en nombre de tu amor, y obtener para todos tus hijos la libertad bendita del Evangelio [&hellip;]" />
<meta property="og:url" content="https://www.episcopalchurch.org/es/lectionary/martin-luther-king-jr/" />
<meta property="og:site_name" content="The Episcopal Church" />
<meta property="article:publisher" content="https://www.facebook.com/episcopalian" />
<meta property="article:modified_time" content="2025-03-14T19:48:37+00:00" />
<meta property="og:image" content="https://www.episcopalchurch.org/wp-content/uploads/2016/12/ml_king_apr-4.jpg" />
	<meta property="og:image:width" content="448" />
	<meta property="og:image:height" content="298" />
	<meta property="og:image:type" content="image/jpeg" />
<meta name="twitter:card" content="summary_large_image" />
<meta name="twitter:site" content="@iamepiscopalian" />
<meta name="twitter:label1" content="Est. reading time" />
	<meta name="twitter:data1" content="1 minute" />
<script type="application/ld+json" class="yoast-schema-graph">{"@context":"https://schema.org","@graph":[{"@type":"WebPage","@id":"https://www.episcopalchurch.org/es/lectionary/martin-luther-king-jr/","url":"https://www.episcopalchurch.org/es/lectionary/martin-luther-king-jr/","name":"Martín Luther King, Jr., pastor y mártir, 1968 &#8211; The Episcopal Church","isPartOf":{"@id":"https://www.episcopalchurch.org/#website"},"primaryImageOfPage":{"@id":"https://www.episcopalchurch.org/es/lectionary/martin-luther-king-jr/#primaryimage"},"image":{"@id":"https://www.episcopalchurch.org/es/lectionary/martin-luther-king-jr/#primaryimage"},"thumbnailUrl":"https://www.episcopalchurch.org/wp-content/uploads/2016/12/ml_king_apr-4.jpg","datePublished":"2016-12-08T19:54:03+00:00","dateModified":"2025-03-14T19:48:37+00:00","breadcrumb":{"@id":"https://www.episcopalchurch.org/es/lectionary/martin-luther-king-jr/#breadcrumb"},"inLanguage":"es-ES","potentialAction":[{"@type":"ReadAction","target":["https://www.episcopalchurch.org/es/lectionary/martin-luther-king-jr/"]}]},{"@type":"ImageObject","inLanguage":"es-ES","@id":"https://www.episcopalchurch.org/es/lectionary/martin-luther-king-jr/#primaryimage","url":"https://www.episcopalchurch.org/wp-content/uploads/2016/12/ml_king_apr-4.jpg","contentUrl":"https://www.episcopalchurch.org/wp-content/uploads/2016/12/ml_king_apr-4.jpg","width":448,"height":298},{"@type":"BreadcrumbList","@id":"https://www.episcopalchurch.org/es/lectionary/martin-luther-king-jr/#breadcrumb","itemListElement":[{"@type":"ListItem","position":1,"name":"Home","item":"https://www.episcopalchurch.org/"},{"@type":"ListItem","position":2,"name":"Martín Luther King, Jr., pastor y mártir, 1968"}]},{"@type":"WebSite","@id":"https://www.episcopalchurch.org/#website","url":"https://www.episcopalchurch.org/","name":"The Episcopal Church","description":"Welcomes You","publisher":{"@id":"https://www.episcopalchurch.org/#organization"},"potentialAction":[{"@type":"SearchAction","target":{"@type":"EntryPoint","urlTemplate":"https://www.episcopalchurch.org/?s={search_term_string}"},"query-input":{"@type":"PropertyValueSpecification","valueRequired":true,"valueName":"search_term_string"}}],"inLanguage":"es-ES"},{"@type":"Organization","@id":"https://www.episcopalchurch.org/#organization","name":"The Episcopal Church","url":"https://www.episcopalchurch.org/","logo":{"@type":"ImageObject","inLanguage":"es-ES","@id":"https://www.episcopalchurch.org/#/schema/logo/image/","url":"https://www.episcopalchurch.org/wp-content/uploads/2021/01/vertical_episcopal_logo.jpg","contentUrl":"https://www.episcopalchurch.org/wp-content/uploads/2021/01/vertical_episcopal_logo.jpg","width":770,"height":662,"caption":"The Episcopal Church"},"image":{"@id":"https://www.episcopalchurch.org/#/schema/logo/image/"},"sameAs":["https://www.facebook.com/episcopalian","https://x.com/iamepiscopalian","https://www.youtube.com/channel/UCdVJpxCtK41c_-p6EaE4_2A"]}]}</script>
<!-- / Yoast SEO Premium plugin. -->

Martín Luther King, Jr., pastor y mártir, 1968 &#8211; The Episcopal Church

La Colecta: Dios todopoderoso, de la mano de tu siervo Moisés libraste a tu pueblo de la esclavitud, haciéndoles libres al fin: Haz que tu Iglesia, siguiendo el ejemplo de tu profeta Martín Luther King, pueda resistir la opresión en nombre de tu amor, y obtener para todos tus hijos la libertad bendita del Evangelio [&hellip;]

La Colecta: Dios todopoderoso, de la mano de tu siervo Moisés libraste a tu pueblo de la esclavitud, haciéndoles libres al fin: Haz que tu Iglesia, siguiendo el ejemplo de tu profeta Martín Luther King, pueda resistir la opresión en nombre de tu amor, y obtener para todos tus hijos la libertad bendita del Evangelio&hellip;
